k(i) = -t(i) + 2*v(i). Suppose 6 = 3*f + 3. What is k(f)?
1
Let v(f) = -16*f**3 - 26*f**2 + 21*f - 15. Let u(y) = -3*y**3 - 5*y**2 + 4*y - 3. Let j(m) = 11*u(m) - 2*v(m). Let z = -7 - -3. Give j(z).
5
Let m(l) = -l - 1. Let x(f) = -4*f + 4. Let v(k) = -5*m(k) - x(k). Give v(1).
10
Suppose 5*d = 3*h - h - 4, 2*d + 7 = -h. Let f be (-38)/(-14) - (-6)/21. Let r(y) = -y**2 - f*y**2 + 3 + 2*y**2 + 2*y. Calculate r(d).
-9
Let y(j) be the second derivative of j**3/2 - j**2 + 5*j. Calculate y(4).
10
Let m be -4 - (-1 + -3 - -2). Let v(k) = -k**2 - 1. What is v(m)?
-5
Let m = -5 - -7. Let o be m/(-10) + (-432)/(-60). Let w(u) = -u**3 + 8*u**2 - 7*u - 1. Determine w(o).
-1
Let y(c) be the third derivative of -c**8/6720 + c**7/1260 + c**6/360 - c**5/40 - c**4/8 + c**2. Let b(r) be the second derivative of y(r). Give b(3).
-6
Let x(q) = -3*q. Let w = -7 + 16. Suppose 5*b - w = 1. Determine x(b).
-6
Let n be ((-48)/32)/(6/(-16)). Suppose 0 = n*q - 0 + 4. Let t(r) = -9*r**3 + 2*r + 1. Give t(q).
8
Let b(y) = y**2 + 4*y - 452 + 0*y + 448. Determine b(-6).
8
Let y(n) be the second derivative of -n**3/6 - n**2 + n. Let k = 2 + -7. Give y(k).
3
Let g be 2/(-2 + (-9)/(-6)). Let j(z) be the third derivative of z**5/60 + 5*z**4/24 + 5*z**3/6 - z**2. Determine j(g).
1
Suppose 1 = 4*b - 3. Let w(x) be the first derivative of 1/2*x**2 - 7 - 5/3*x**3 - x. Calculate w(b).
-5
Let p(l) = -l - 4. Let c be p(-5). Let t be c - -1 - (1 - 1). Let w(m) = 3*m**2 + 2 + 6*m + 2*m**2 - 3*m**t. Determine w(-4).
10
Let o(q) = -q**2 - 6*q - 9. Suppose -3*k + l - 29 = -4, 3*k = 5*l - 41. Give o(k).
-16
Let h(f) = -8*f**2 + f. Let u be 4/1*6/(-6). Let p be (8/(-6))/(u/6). Let n be p/(-7) - 36/(-28). Calculate h(n).
-7
Let k be 3 + -2 + (-3 - -2). Suppose 3*x = -5*a + a + 1, k = 2*x + 4*a - 2. Let w(d) = -5*d - 1. Determine w(x).
4
Let c(n) = n**2 - n + 1. Let g(o) = -o + 1. Let t be g(2). Let x be 9 + 2 + -1 - t. Suppose -v = 4*b - b + x, -3*v - 5*b - 17 = 0. What is c(v)?
1
Let i = 20 + -27. Let s(l) = l**2 + 6*l - 8. What is s(i)?
-1
Let w = 6 + 1. Let u(m) = 2*m**3 - 11*m**2 + 13*m - 19. Let q(j) = j**3 - 5*j**2 + 6*j - 10. Let b(c) = -5*q(c) + 3*u(c). Determine b(w).
7
Let c(n) = 1 - 4 - 2*n + n. Let u(f) = f**2 - 4*f - 1. Let r be u(2). What is c(r)?
2
Let x(m) = m - 4. Let y = -15 + 11. Let q = y + -1. What is x(q)?
-9
Let k(g) = -g**3 + 4*g**2 - 2*g. Let h = -43 + 45. Determine k(h).
4
Let c(k) = -k**2 - 2*k. Let o = 0 - -4. Let i = 2 - o. Calculate c(i).
0
Let t be 5/15 - (-38)/(-6). Let h(s) be the first derivative of -s**3/3 - 5*s**2/2 - 2*s + 20. Determine h(t).
-8
Let i be 0 + 0 + (-4 - 2). Let v be (-2)/(-6) - 10/i. Let t(a) be the second derivative of -a**5/20 + a**4/12 - a**3/3 + 3*a**2/2 + a. Determine t(v).
-5
Let c = -9 + 14. Suppose h - 6 = 5*p, -2*h + 0*h + 7 = -c*p. Let s(l) = -l**2 + 2*l - 1. What is s(h)?
0
Let k(c) = -6*c + 1. Let y(d) = -11*d + 2. Let n = -7 - -4. Let t(h) = n*y(h) + 5*k(h). Determine t(-3).
-10
Let b(q) = -q**3 - 2*q**2 + 2*q - 3. Suppose 4*d = -2 + 14. Suppose d*y - 3*z = -y, 0 = 3*y - 3*z - 3. Calculate b(y).
0
Let p(w) be the second derivative of w**4/12 + 3*w**3/2 + 7*w**2/2 - 13*w. What is p(-6)?
-11
Let d be (-2)/(3 + 3/(-3)). Let f(r) = 0*r**2 - 4*r - 2*r**2 + 5*r. Give f(d).
-3
Let l(w) = -w**3 - 5*w**2 + 6*w - 2. Suppose 0*p + 3*p = 0. Suppose -2*d - d - 18 = p. Calculate l(d).
-2
Let c be 4 + (-2 + 1 - 7). Let l(z) = -z**3 - 5*z**2 - 6*z - 3. Calculate l(c).
5
Let u(l) be the second derivative of -l**3/6 - l. Give u(2).
-2
Let b = -22 + 22. Let k(v) = -v + 5. Determine k(b).
5
Let u(i) = i + 4 + 3 - 2*i. Give u(6).
1
Let r(c) = -8. Let h(m) = m. Let i(b) = -2*h(b) - r(b). Let j(t) = t**2 - t. Let z(n) = -2*n + 2. Let u be z(2). Let g be j(u). Give i(g).
-4
Let d(r) = r**3 + 15*r**2 + 14*r - 1. Let m be d(-14). Let y(v) = -v. Give y(m).
1
Let r(x) = -x + 2. Let q be r(-3). Suppose 0 = -q*j - 0 + 5. Let m(h) = -7*h**2 + j + h**3 - 2*h**2 + h + 3*h**2 - 4. Determine m(6).
3
Let b(u) = -u**2 + 7*u + 10. Let p be b(8). Let k(x) = -2*x**2 + 5*x + x**p - 1 + 10. Let j be k(7). Let n(v) = v - 2. Give n(j).
-7
Let f(r) = -4*r - 2. Let h(a) = -a. Let q(n) = -f(n) + 5*h(n). Let b = 24 - 26. Let p(d) = -d**2 + d + 2. Let j be p(b). Give q(j).
6
Let j(k) = -3*k**3 - 10*k**2 + 5*k - 13. Let x(l) = -l**3 - 5*l**2 + 3*l - 6. Let c(p) = 2*j(p) - 5*x(p). Determine c(4).
0
Let j(c) = 2*c + 1. Let d(x) = -x + 1. Let a(h) = -5*d(h) - j(h). Suppose -4*z = -5*v + 83, -5*v - 5*z + 40 = -70. Let g = v - 15. Give a(g).
6
Let o(v) = -v**3 + 2*v**2 - v. Suppose f - 27 = -m + 13, -200 = -5*f - 4*m. Suppose -5*i = -i - f. Suppose q - w + i = -5*w, 4*q + 4 = -4*w. Calculate o(q).
-2
Let i(x) = 2*x + 1. Let u(w) = -w + 11. Let o be u(9). Suppose g - o*n - 3 = -2*g, -5*n = 2*g + 17. What is i(g)?
-1
Let j(s) = -s**2 + 2*s + 3. Let m be 5 + -2 + 1 + 0. Determine j(m).
-5
Let g(q) = 2*q + 0 - 1 + 4. Let v be g(-4). Let p(s) = 5*s**2 + s**3 + s**2 + 5*s + s**3 - s**3. Determine p(v).
0
Let g be (-32)/((-4)/1) - 2. Let d(t) = 2*t + 5. Give d(g).
17
Suppose -s - 15 = 4*s. Let o(b) be the second derivative of -13*b + 0*b**2 + 0 - 1/3*b**3. Give o(s).
6
Let s(a) = -a**2 + a - 1. Let f(p) = -p + 9. Let b = -12 + 19. Let m be f(b). Suppose -m*t - 4 = -4*y, 0 = 3*y - 4*t - 12 + 4. What is s(y)?
-1
Let y(g) = -g + 4. Let r be y(3). Suppose 0 = 3*k + 8 + r. Let a(u) = -2*u + 1. Calculate a(k).
7
Let d(u) = -20*u**3 + 2*u - 4. Let z(g) = -21*g**3 + 2*g - 3. Let c(t) = 2*d(t) - 3*z(t). Calculate c(1).
22
Let c(i) be the third derivative of -1/12*i**4 + 3*i**2 + 0*i + 0 - 1/20*i**5 - 1/6*i**3 + 1/120*i**6. Calculate c(3).
-7
Let t(o) = -o**2 + o. Let y(q) = q. Let l be y(-1). Let p(j) = 3*j**2 + 3. Let f(h) = l*p(h) - 4*t(h). Let b = 5 + -1. Determine f(b).
-3
Let n = 17 + -2. Let i(t) = t**2 - 14*t - 21. What is i(n)?
-6
Let k(c) = c**3 - 4*c**2 - 3*c + 6. Let d = 8 - 7. Let w be -6*d*(5 + -6). Let x be (-3)/(-3) + w/2. What is k(x)?
-6
Let k be (-1)/(2 - 39/18). Let v be 41/7 + (-5)/(-35). Let b(n) = 5 + 0*n**2 - v*n - 2*n**3 + 3*n**3 - 2 - 5*n**2. Determine b(k).
3
Let r(o) be the first derivative of o**3/3 + 3*o**2/2 - o + 14. What is r(-4)?
3
Let y be 1 - 1 - (20 - 7). Let u = y - -14. Let q(i) = 7*i**3 + 2*i - 1. Give q(u).
8
Let j = -17 - -21. Let q(l) = -1 + 3*l**3 - 4*l**3 - 2 - 2*l - j*l**2. Calculate q(-3).
-6
Let j(h) = -h**3 + 2*h**2 - h - 1. Let z(b) = b**2 + b - 1. Let a be z(0). Let o be 4 + 0 + a + -1. Suppose 2*q - o - 2 = 0. Give j(q).
-3
Suppose -4*y = 4*j - 0*j - 8, -3*j - y = -10. Let v(t) = -t**2 + 4*t - 4. Give v(j).
-4
Let r(d) = 3*d**3 - 5*d**2 - 9*d + 4. Let y(w) = -5*w**2 + 4*w**3 - 7 + 13 - 3*w**2 - 13*w. Let h(i) = 7*r(i) - 5*y(i). Determine h(-4).
6
Let l(r) = -3*r + 1. Let w = -22 - -21. Calculate l(w).
4
Let s(t) be the first derivative of t**3/3 + 5*t**2/2 - 3*t - 19. Calculate s(-7).
11
Let l = 11 + -4. Let c(o) = 2*o**2 + 19*o + 13. Let j(h) = -h**2 - 9*h - 6. Let a(p) = l*j(p) + 3*c(p). Give a(-3).
6
Let l be 1 + (-9)/(2 - -1). Let d = 1 - -1. Let u(c) = -c**2 - 6 + 4 - 2 + d. What is u(l)?
-6
Let a(m) be the first derivative of 3*m**2/2 - 3*m - 6. Let n(x) = -4*x + 3. Let j(p) = -5*a(p) - 4*n(p). Calculate j(-3).
0
Let r(h) = -13*h + 8*h + 4*h + 3. What is r(-3)?
6
Let i(t) = -t**2 - 5*t + 7. Let x = 0 + 5. Suppose x*b = 3*o + b + 3, -2*o + 4*b = -2. Determine i(o).
7
Let v(c) = -c**3 + 4*c**2 + 3*c + 5. Let h be v(5). Let k be ((-6)/(-5))/(2/5). Let t(y) = 0*y**2 + 2*y + 3 - 6*y**2 - 5*y - y**k. What is t(h)?
-7
Let s(c) be the second derivative of c**5/20 + c**4/2 + c**3/2 + 2*c**2 - 48*c. Calculate s(-5).
14
Let c(w) = w**2 + 7*w + 3. Suppose p = -0 - 5. What is c(p)?
-7
Suppose -4*w - 2 - 10 = 0. Let r be w/18 - 50/(-12). Let g(h) = -2*h + 6. Calculate g(r).
-2
Let k(z) = -z. Let j(g) = -1. Let x(f) = -4*j(f) - k(f). Let d = -10 + 14. Let s = d + -6. Determine x(s).
2
Let b(t) = t + 2. Let m be b(-5). Let d(n) = 4*n**2 - 1. Let l(h) = 9*h**2 - 1. Let u(k) = -7*d(k) + 3*l(k). What is u(m)?
-5
Let y(p) = -2*p - 1. Let s(n) = -6*n - 3. Let q(d) = -3*s(d) + 8*y(d). Let u(x) = -4*x - 2. Let a(c) = 5*q(c) + 3*u(c). Determine a(-5).
9
Let n(l) = -5*l**3 - l**2 - l + 1. Suppose -o = -0*o - 2. Suppose 5*x + 3*c = 20, -3*x + o*x + 11 = 2*c. Cal